1. Let t be (0 - a)/(4/(-244)). Suppose 4*b - 7 = t. What are the prime factors of b?
17
Suppose 20 = t + 2. What are the prime factors of t?
2, 3
Suppose -2*s = -s - 15. List the prime factors of s.
3, 5
Suppose 2*f - 14 = -2*a + 3*a, 0 = 3*f - a - 19. Suppose v = 3*p + 25, f*v = -0*v - 4*p + 30. What are the prime factors of v?
2, 5
List the prime factors of (-1)/(-8) - (-5621)/88.
2
Suppose 4*b - 1012 + 108 = 0. List the prime factors of b.
2, 113
Let m(n) = -1. Let x(v) = -v + 16. Let z(j) = -j**2 + 3*j + 5. Let q be z(4). Let s(g) = q*x(g) + 5*m(g). List the prime factors of s(8).
3
Suppose 4*m - 2*m = -5*w - 69, -3*m = 5*w + 66. Let f = -9 - w. Let u = f - 4. What are the prime factors of u?
2
Let c(l) = 3*l. Let q be c(3). Let j be (-1)/((-17)/8 + 2). What are the prime factors of ((-18)/j)/(q/(-24))?
2, 3
Let l = 1 + 3. Suppose f - 3*x = 1, -f + l*x - 36 = 3*f. What are the prime factors of (f/(-3))/(6/18)?
2, 7
Let v(u) = -3*u - 7. What are the prime factors of v(-4)?
5
Suppose 4 = -2*d + 5*c, -c = 3*d + 4*c - 19. Suppose 20 = x - 3*k + 5*k, -d*x - 2*k + 44 = 0. What are the prime factors of x?
2, 3
Let j(v) = -v**2 + 1. Let r(x) = 6*x**2 - x - 2. Let s(n) = 4*j(n) + r(n). Let m be s(2). Suppose y - 16 = -m. List the prime factors of y.
2
Let s(k) = -k**2 - 9*k - 10. Suppose -4*m + 2*m - 14 = 0. List the prime factors of s(m).
2
Suppose 7 = -3*x + 46. What are the prime factors of x?
13
Let r = 6 - 10. Let q(t) = t**3 + 4*t**2 - 3*t + 4. List the prime factors of q(r).
2
Suppose 0 = 5*l - 17 - 8. Let c = l - -10. What are the prime factors of c?
3, 5
Suppose 0 = 7*x - 79 - 327. What are the prime factors of x?
2, 29
Let p = 44 - 6. List the prime factors of p.
2, 19
Suppose 4*x - 3*j = 16, 5*x + 2*j = -3*j - 15. Suppose 3*i - 15 = 0, -x = -3*m + 5*i + 4. List the prime factors of m.
2, 5
Suppose 0 = -6*u + 10*u - 456. List the prime factors of u.
2, 3, 19
Let j(l) = -3*l**3 + l**2 - 2*l + 1. Let k be j(1). Let u(b) = b**2 - b + 3. List the prime factors of u(k).
3, 5
Let n(m) = m**2 - 2. Suppose -5*r = -5*j - 35, 6*r - 2*r + 2*j = -2. Let p be n(r). Suppose -8 = -2*z + p*w, 3*w - 2 + 23 = 4*z. List the prime factors of z.
3
Let y(p) = -p**3 - 7*p**2 + 8*p + 4. Let h be y(-8). Suppose -h*q + 3*q = -4. List the prime factors of q.
2
Suppose -5*q + 41 = -3*l, -6 = 5*q + 3*l - 35. Let i(b) = -b**2 + 3*b + 5. Let u be i(4). List the prime factors of q - u*(-6)/(-3).
5
Let c be 1/(1/(-1)) + 3. Suppose d = c*d - 18. List the prime factors of d.
2, 3
Let f = 88 + -53. List the prime factors of f.
5, 7
Let i = 315 - 106. What are the prime factors of i?
11, 19
Suppose -4*r - 22 = -5*v - 0*v, -v - 5*r = 13. Let a be (1/v)/((-2)/4). What are the prime factors of 22*(3/(-6) - a)?
11
Let d(b) = b**3 - 11*b**2 + 2*b + 15. List the prime factors of d(12).
3, 61
Let c(o) = -o**3 - o. Let w be c(0). Suppose 3*i + w*i = 15. List the prime factors of i.
5
Suppose 5 = -4*u + 4*w + 21, 2*u - 6 = w. Suppose 3 - 7 = -2*n, 18 = u*c - 2*n. What are the prime factors of c?
11
What are the prime factors of ((0 - -1) + 3)*(-4)/(-2)?
2
Let h(w) = w**2 - 2*w. Let g(f) = -2*f + 9. Let v be g(7). Let j = v - -8. What are the prime factors of h(j)?
3
Suppose 2*q = 4*s - 18, 13 = 3*s - 0*q - q. List the prime factors of s.
2
Suppose 5*h = 5*z + 69 + 101, -2*h = z - 62. What are the prime factors of h?
2
Suppose 0 = 4*r - 300 - 56. List the prime factors of r.
89
Let x(g) = -g - 7. Let u be x(-11). What are the prime factors of ((-78)/u)/((-6)/12)?
3, 13
Let l(r) = 11*r**2 - 4*r + 3. List the prime factors of l(2).
3, 13
List the prime factors of 8*4/((-48)/(-39)).
2, 13
Let m(g) be the first derivative of -g**2 + 17*g - 9. What are the prime factors of m(-12)?
41
Suppose -4*n + 4 = 0, 5*c - 4*n - 269 - 297 = 0. What are the prime factors of 4/12 - c/(-9)?
13
Let z be (3 + -2)/(-1) + 8. Suppose z*j = 4*j + 69. What are the prime factors of j?
23
Suppose 83*h = 81*h + 256. List the prime factors of h.
2
What are the prime factors of 8/20*(194 + 1)?
2, 3, 13
Let m(b) = b**3 + 2*b**2 + 5*b - 4. What are the prime factors of m(3)?
2, 7
Let t be (-2 + 18/4)*6. Suppose 0 = -3*q - 2*q - t. Let v(u) = u**2 - 4. What are the prime factors of v(q)?
5
Let i(m) = 6*m**2 - m. Let y be i(1). Let f be (0 + 2/y)*120. Suppose 0 = -4*o + o + 3*d + f, 5*o = -4*d + 80. List the prime factors of o.
2
Let d = 40 + -28. Suppose 0 = 3*z + d - 0, 4*t - 12 = -2*z. List the prime factors of t.
5
Suppose 7 + 1 = 2*a. Suppose 1 = -4*x + 2*b + 9, a*x + b - 14 = 0. Let o = 4 + x. List the prime factors of o.
7
Suppose 5*k + 1 = 3*d + 18, 16 = 5*k - 4*d. Suppose b - 35 = -5*l, k*l = b + 16 - 6. What are the prime factors of b?
2, 5
Let k(d) = -d**3 - 5*d**2 + d + 7. Let f be k(-5). Let y = -5 - -7. Suppose f*h - 4*h - y = 0, 0 = -o + h + 12. List the prime factors of o.
11
Let m(g) = -4*g. Let l be m(-10). Suppose -3*t = -b - l, 0 = -3*t + 5*b - 10*b + 52. What are the prime factors of t?
2, 7
Suppose -276 + 96 = -3*x. What are the prime factors of x?
2, 3, 5
Suppose 2*y - 5*y - 15 = 0, o = 5*y + 37. Suppose 2*s - h - 12 = 6, 3*h = -o. List the prime factors of s.
7
Suppose 0 = l - 3*o + 4*o + 2, 2*l = -5*o - 16. Suppose -44 = -l*j + g, -3*j - g + 68 = 2. List the prime factors of j.
2, 11
Let h = 136 + -96. List the prime factors of h - (3 + -1 - 0).
2, 19
Let u(g) = 9*g - 4. What are the prime factors of u(8)?
2, 17
Suppose -4*w = -7*w. Suppose 2*j - 4*j = -4*g, w = 3*g - 3*j + 6. List the prime factors of g.
2
Suppose 27 = 3*q - 3*u, q + 9*u + 21 = 4*u. Suppose -2*i - 20 + 1 = -5*a, 16 = 2*a - 5*i. Suppose 9 = -a*w + q*w. List the prime factors of w.
3
Suppose -3*v + 3*s = -93, 3*s - 16 = -4. List the prime factors of v.
5, 7
Let c(i) = -i**2 - 6*i + 7. Suppose -3*p - d = 17 + 1, 0 = -2*p + 2*d - 12. What are the prime factors of c(p)?
7
Suppose 5*x - i = 74 + 231, -i + 305 = 5*x. List the prime factors of x.
61
Let b(i) = 2*i**2 + 2*i - 9. Let j be b(-4). Suppose -j = -3*y + 2*y. List the prime factors of y.
3, 5
Let n = -22 - -51. Suppose -41 = -3*w + 2*y, 0*y + y - n = -3*w. What are the prime factors of w?
11
Suppose 2*x + 7 - 41 = 0. List the prime factors of x.
17
Let d(n) = -9*n + 23. List the prime factors of d(-7).
2, 43
Let o(z) = 0*z + z - z**2 - 2*z - 5*z**3 - 1. Let j be o(-1). Suppose 2*x = m + 7, 6*x - 3*x = -j*m - 6. What are the prime factors of x?
2
Let x(g) = -4*g - 3. Suppose -5*k = w + 8, k + w = -2*k - 4. Let v be x(k). Suppose -3 = -v*u + 47. What are the prime factors of u?
2, 5
Let t = -16 - -22. Suppose 2*m + 2*s - t*s - 10 = 0, -2*m + 5*s + 9 = 0. List the prime factors of m.
7
Let o(z) = -3*z - 2. Let k(y) = 4*y + 7. Let m be k(-5). Let n = m - -7. List the prime factors of o(n).
2
Let g(q) = q**2 - 5*q - 4. Let f be g(6). Let z = f + 0. Suppose -z*y = -0*y - 8. What are the prime factors of y?
2
Let g(p) be the first derivative of -2*p**2 - 3*p - 5. List the prime factors of g(-3).
3
Suppose 3*c - 2*b - 199 = 389, -3*b = -9. What are the prime factors of 3/2 + c/12?
2, 3
Let k(u) = -u**2 - 13 + 3*u - 4*u + 12*u. Let r be k(9). Suppose -4*v = -2*o + v + r, -2*v = o - 7. What are the prime factors of o?
5
Let n(v) = 2*v**2 - 2*v - 13. Let t be n(9). Suppose 189 = 3*y - 5*g, 5*g = 2*y - 0*g - t. Suppose -y = -3*r + 2. What are the prime factors of r?
2, 5
Let u(d) = 3*d**2 + 1. Let g be u(1). Suppose -5*m - g*k + 55 = 0, 4*k + 43 = 2*m - 7. List the prime factors of m.
3, 5
What are the prime factors of 8/(-2)*-27 + -3?
3, 5, 7
Suppose 0 = -18*p + 16*p + 184. List the prime factors of p.
2, 23
Let w(k) = 4*k**3 + 6*k**2 + 7*k - 7. Let z(r) = -5*r**3 - 6*r**2 - 8*r + 7. Let n(v) = 4*w(v) + 3*z(v). Let s be n(-5). List the prime factors of s/3*(-9)/1.
2, 3
Suppose -224 = 13*d - 17*d. What are the prime factors of d?
2, 7
What are the prime factors of (-6)/4 - -2*500/16?
61
Suppose 4*j - 3*j - 4 = 0. Suppose -j*h + 48 = -3*u + 2*u, 52 = 4*h - 2*u. List the prime factors of h.
11
Suppose -r + 4*s + 12 = 0, 4*s + 10 + 2 = 0. Suppose r*h = t + 2*h + 14, -5*h - 20 = 0. List the prime factors of ((-8)/(-10))/(t/(-15)).
2
Suppose -2*i = y - 6*i - 40, 4*y = -4*i + 140. Suppose -9 = -5*v + y. What are the prime factors of v?
3
Let s = 71 - 31. List the prime factors of s.
2, 5
